 + 2*c**3. What is the units digit of x(0)?
6
Let j(y) = 25*y + 722. What is the tens digit of j(0)?
2
Suppose 6 = -5*t - 9. Let u be ((-8)/t)/((-16)/(-24)). Suppose -25 = -u*q + 2*v + 7, -26 = -4*q - v. What is the units digit of q?
7
Suppose 2*a + m = -11, 0 = 4*a - 2*m + 8 + 18. Let s(g) = 3*g**2 + g + 6. Let z be s(a). Suppose c - 12 = 2*n, -4*c - n = 3*n - z. What is the tens digit of c?
2
Let r be -2*(5/(-2))/1. Suppose 0 = -3*x + v + 762, -5*x - r*v + 1407 = 137. What is the units digit of x/10 + 4/(-10)?
5
Suppose l + 612 = 7*l. Suppose k = 4*k - l. What is the tens digit of k?
3
Let z(c) = c**2 + 13*c + 14. Let t be z(-13). Let s(a) = 15*a + 0 - 1 - t*a. What is the units digit of s(5)?
4
Let i(m) = 22*m**2 + 5*m + 22. What is the hundreds digit of i(-7)?
0
Suppose 28*k - 4589 = 15*k. What is the tens digit of k?
5
Let g = -37 + 36. What is the units digit of ((-424)/10)/(g/5)?
2
Let q(w) = -15*w. Let o(x) = -1. Let g(r) = 2*o(r) + q(r). What is the tens digit of g(-16)?
3
Let u(k) = -2*k + 8. Let q be u(3). Let s(l) = 35*l**2 + 3*l - 1. What is the units digit of s(q)?
5
Suppose -6*o + o + 1600 = 0. What is the tens digit of o?
2
Let i = 127 + -23. Let f = i + -41. What is the units digit of f?
3
What is the units digit of ((-268)/8)/(970/(-120) + 8)?
2
Let s = 4 - 1. Suppose -2*a = -5*v + 3*a + 45, v - 15 = s*a. Let z(j) = 2*j**2 - 9*j + 13. What is the tens digit of z(v)?
3
Let p(r) = -r**3 + 7*r**2 + 6*r - 5. Let s be p(6). Suppose 679 - s = 12*l. What is the tens digit of l?
5
Suppose -l + 479 = 2*o - 401, -5*o = -4*l + 3572. What is the hundreds digit of l?
8
Suppose -2*n + v - 15 = -50, 5*v = -2*n + 65. Let g be (-2)/5 + 1548/n. Let l = -55 + g. What is the units digit of l?
2
Suppose 31 - 25 = -3*d. What is the units digit of (-183)/d - 1/(-2)?
2
Let s = 25 - 29. Let o be s*((-28)/(-8))/(-7). Suppose 0 = o*j - 2*y - 21 - 21, 0 = j + 2*y - 24. What is the units digit of j?
2
Suppose a + 5*d - 243 = -54, -a + 179 = 3*d. What is the units digit of a?
4
Let a be (-1)/(1 + (-30)/29). Let j(s) = a*s**3 - 22 - 15*s**2 - 18*s**3 - 12*s**3 - 6*s. What is the units digit of j(-15)?
8
Suppose -2*c = 5*i - 196 - 195, 2*c = -4. Let b = i + -18. What is the units digit of b?
1
Suppose -2*m + 1369 = -23. What is the tens digit of m?
9
Let j be -3 - ((-12)/4 - 6). Suppose -3*d = -27 + j. What is the units digit of d?
7
What is the hundreds digit of (7449/(-78))/(1/(-4))?
3
Let x = 826 + -499. What is the tens digit of x?
2
Let y = 15 - 10. Let l be 0 - (y - 3) - -2. Suppose 2*x + x - 69 = l. What is the tens digit of x?
2
Suppose 0 = 5*x, -8*z - 5*x - 3327 = -11*z. What is the thousands digit of z?
1
Let i(p) = 3*p**2 + 18*p - 15. What is the tens digit of i(13)?
2
Let g(u) = -u**3 - 11*u**2 - 12*u - 15. Let p = 10 + -20. Let a be g(p). Let k(r) = r**3 - 4*r**2 + 7. What is the units digit of k(a)?
2
Suppose 9*b = 4*b + 25. Suppose -b*a = -3*o + 235, -6*a + a = -o + 85. What is the units digit of o?
5
Suppose -7110 = 11*p - 29*p. What is the hundreds digit of p?
3
Suppose -15*t + 17*t = 296. What is the units digit of t?
8
What is the tens digit of 447 + ((-6)/10)/((-8)/(-40))?
4
Let u = 14 + -12. Suppose -u*c + 44 = 14. What is the tens digit of c?
1
Let y be 17 - (2 + -2 + 3). Suppose -3*l + 4*m = y + 37, -2*l - 5*m - 57 = 0. What is the units digit of 108/l*(-14)/3?
4
Let z(s) = s**3 - 7*s**2 + 6*s + 2. Let d be z(5). Let k = 53 + d. What is the tens digit of k?
3
Suppose 24 = o + 4*l, 3*o = 2*o + 4*l + 16. Suppose 4*g = 2*g - o. What is the units digit of -9 - g - 1*-1?
2
Suppose 18*o + 12*o = 13200. What is the units digit of o?
0
Suppose d = 3*d - 472. Suppose -2*t - 74 = -d. What is the units digit of t?
1
Let z(o) = -8*o + 24. Let s(q) = q**3 + 14*q**2 - 13*q + 25. Let w be s(-15). What is the tens digit of z(w)?
6
Let z be 8/(-8)*(0 - (-1)/(-1)). Let p(l) be the second derivative of 25*l**4/12 - 2*l**3/3 + l**2 - 3*l. What is the tens digit of p(z)?
2
Let o be (-4*4/(-56) - 0)*14. Suppose -o*u = -7*u + 168. What is the units digit of u?
6
Let t = 311 - 252. What is the units digit of t?
9
Let h be 3/6*8 - 1. Suppose h*n + 2*n = 90. What is the tens digit of n?
1
Suppose 13591 = 5*p - 88*w + 87*w, 4*w + 10860 = 4*p. What is the hundreds digit of p?
7
Let f = 13 + -11. Suppose -14 = -3*r + 2*j, 3*r + 0 + f = -2*j. What is the units digit of r?
2
Let h(t) = -1. Let u(v) = 3*v**2 + 10*v - 8. Let c(n) = -5*h(n) + u(n). What is the units digit of c(-7)?
4
Let y = 102 + -100. What is the tens digit of (-12 + (y - -1))/((-4)/116)?
6
Suppose 3*k - 2*k = 10. What is the units digit of 50 + (-2)/(k/15)?
7
Suppose -7*c - 4*c + 6875 = 0. What is the units digit of (c/15 - 2)/(2/6)?
9
Let v = 3786 + -387. What is the units digit of v?
9
Let v(l) = -20*l**2 + 9*l - 1. Let z be v(-7). What is the units digit of z/(-14) - 24/(-56)?
5
Let k(v) = -v**3 + v**2 - v - 6. Let q be k(-6). Suppose 6*u + q = 2*u. Let a = 101 + u. What is the units digit of a?
8
Suppose 2*s = -2*s - 12. What is the tens digit of s/(-9)*(62 - -10)?
2
Let y be 12/(-3)*2/4. Let d be ((21/2)/(-3))/((-4)/(-56)). What is the units digit of d*(-2)/(-4)*y?
9
Let g(b) = -b**3 + 5*b**2 + 6*b + 6. Let v be g(6). Suppose -4*q - v*z = -4*z - 2, 0 = -4*q + z + 11. What is the units digit of (14 - 0) + q + 0?
6
Suppose -5*u - 7*u + 2172 = 0. What is the units digit of u?
1
Let l = 39 + -44. Let j(u) be the second derivative of -u**3/6 + 2*u**2 - u. What is the units digit of j(l)?
9
Let v = 382 + 240. What is the hundreds digit of v?
6
Let b(y) = -y**2 + 4*y + 2. Let w be b(4). Let q = w - 3. What is the units digit of 20/(-16)*(-3 + q)?
5
What is the units digit of 2*4/(-36) + (-53740)/(-45)?
4
Let s = 969 + 604. What is the units digit of s?
3
Suppose 0 = -q, 27*q = 5*z + 24*q - 12810. What is the thousands digit of z?
2
Let i be (-105)/(-28)*(-40)/(-6). Suppose -5*h + 3*b = -i, 2*h - h + 2*b - 5 = 0. Suppose 33 = -h*f + 143. What is the units digit of f?
2
Let k = -22 + 12. Let t be (-186)/(-10) + (-4)/k. Suppose -5*o - 4*x = -38, 3*o + 4 - t = -5*x. What is the units digit of o?
0
Suppose h = 3 + 1. Suppose -3*l + 8*x - 4*x = 13, -5*l - 11 = -h*x. What is the units digit of 2 + (1 + -2)*l?
1
Let i = -142 + 1217. What is the tens digit of i?
7
Let n(z) = -5*z - 2. Let t(a) = -a + 9. Let q be t(0). Suppose 3*h + h - 3*k = -q, 2*k = -2. What is the units digit of n(h)?
3
Let i(f) = -f**3 - 16*f**2 - 20*f - 32. Let d(n) = -n**2 - 8*n - 15. Let x be d(-8). What is the tens digit of i(x)?
4
Suppose 5*q = b - 20, -2*q + 3*q = -3*b - 4. Let c be (-2)/(-2 + -2)*q. What is the units digit of 8 - (c + 0 - -2)?
8
Let g = 304 - -192. Suppose -g = k - 5*k. What is the tens digit of 2/((-16)/k)*-2?
3
Suppose 0 = 5*i - 3*v + 504, -i + 0*i = -4*v + 111. Let x = 187 + i. What is the units digit of x?
8
Let x = -81 + 429. What is the tens digit of x?
4
Let f(r) = -r**3 + 13*r**2 + 11*r + 5. What is the tens digit of f(8)?
1
Let t(v) = -v**3 + 22*v**2 - 34*v - 40. What is the tens digit of t(18)?
4
Suppose z - 3*z = 54. Let w = -112 - z. Let b = w - -159. What is the tens digit of b?
7
Let x = -139 + 316. What is the hundreds digit of x?
1
Let v be (0 - -7)*(-6)/(-14). Let x be v/(-15) + 1336/(-20). Let l = x - -103. What is the tens digit of l?
3
Suppose -106 = 2*r - 108, -q - r = -2666. What is the thousands digit of q?
2
Suppose 15*b - 89 - 2056 = 0. What is the hundreds digit of b?
1
Suppose 4450 + 3905 = 3*u. What is the tens digit of u?
8
Let z = -2 - 0. What is the tens digit of -9*(5 + 12)/(z - -1)?
5
Let m be ((0 - -1) + -1)/2. Suppose 0 = 3*s - d + 3 - 10, -5*s + 2*d + 10 = 0. Suppose -24 = -s*p - m*p. What is the units digit of p?
6
Suppose -314*p + 312*p = -7384. What is the thousands digit of p?
3
Let d(o) = o. Let s(j) = -j**3 - 9*j**2 + 7*j - 5. Let h(n) = -6*d(n) - s(n). What is the units digit of h(-10)?
5
Let a(s) = s**2 - s. Let o be a(4). Suppose -o*n + 8 = -10*n. What is the tens digit of (-2 + n)/6*183?
6
Suppose 263*a - 260*a - 5361 = 0. What is the hundreds digit of a?
7
Let v(t) = 7*t**3 - 2*t**2 - 11*t + 2. What is the tens digit of v(6)?
7
Suppose 0 = -2*b + b + 7. Let v(g) be the first derivative of -2*g**3/3 + 15*g**2/2 - 2*g + 40. What is the units digit of v(b)?
5
Let l =